9. Calculate the highest common factor of l and 15.
15
Suppose 5*m - 3*m + 5*x = 78, 2*x - 8 = 0. Suppose -s = 8 - m. Let v be (28/(-6))/(4/(-18)). Calculate the greatest common factor of v and s.
21
Suppose -2*k + 109 = -59. Suppose 3*m - k = -m. Let r = 162 - -6. What is the highest common factor of r and m?
21
Let i(b) = 103*b**2 + 1. Suppose -3*k + 56 = a, 0*a - 4 = 4*a. Let z = 18 - k. Let t be i(z). Calculate the highest common divisor of 26 and t.
26
Suppose 5*o - 98 = x + 2*x, -3*o - 2*x + 55 = 0. Suppose 25*l = 69*l - 880. Suppose -l*g = -o*g - 22. What is the highest common factor of 2 and g?
2
Let t be -6 + (-3)/(-3) - -54. What is the greatest common factor of 392 and t?
49
Suppose -42*q + 120 = -27*q. Let d be (-1)/2*(0 + -128). Suppose v - d = -3*v. What is the highest common divisor of v and q?
8
Let h(g) = -g + 9. Let p be h(-3). Calculate the greatest common divisor of p and 132.
12
Let a(z) = 2*z**2 - 20*z + 12. Let o be a(9). Let t be (-56)/(-42) + (-124)/o. Calculate the greatest common divisor of 154 and t.
22
Let k be (-21586)/(-19) - ((-1488)/304 - -5). What is the greatest common factor of 16 and k?
16
Let z be ((-2)/(-4))/((-6)/(-12)). Suppose -5*h + 15 - z = 2*u, -8 = -5*h - 4*u. Calculate the greatest common factor of h and 8.
4
Suppose -18 = -2*a - b, a + 39 = 6*a + 4*b. Calculate the greatest common divisor of a and 176.
11
Suppose -5*z = 20, -5*v + 21 + 144 = 5*z. Suppose -v*h = -29*h - 160. What is the highest common factor of h and 160?
20
Let w = -15 + 48. Let g be (-654)/(-4) + (-93)/(-62). What is the greatest common divisor of g and w?
33
Let g(z) = -2*z - 2. Let r be g(-4). Suppose -5*b - 2*y - 126 = 0, 61 + 20 = -3*b - 3*y. Let c = 28 + b. Calculate the highest common factor of r and c.
2
Suppose 5*y + 2*u + 18 = 83, 3*y - u - 50 = 0. Calculate the greatest common divisor of 65 and y.
5
Let s be (-88)/(-42) + (-10)/105. Suppose 0 = -2*p - 2*p + 3*t + 73, s*t - 21 = -p. Calculate the highest common factor of 57 and p.
19
Let g(p) = -p**3 - p**2 + 28*p + 8. Let f be g(-6). What is the greatest common divisor of f and 16?
4
Let t = 0 + 3. Suppose 3*v + 5*m + 10 = 54, -52 = -4*v - 5*m. Let z be ((-8)/v)/((-2)/4). What is the greatest common divisor of t and z?
1
Let o = 175 - 99. Suppose 4*a - 4*g = o, 3*a - 5*a + 43 = -3*g. What is the greatest common divisor of 28 and a?
14
Let u(k) = -18*k - 86. Let t be u(-13). Calculate the highest common factor of t and 111.
37
Suppose 2*h - 72 = 4. What is the greatest common divisor of h and 323?
19
Let r = -25 - -44. Let x = -213 - -384. What is the greatest common factor of x and r?
19
Let n be 2/4*120/6. Suppose 5*b + 0*b = 5*k, -5 = -b. Suppose -3*a + 26 = 5*g - 30, -20 = -3*g + k*a. What is the greatest common factor of g and n?
10
Let n(s) = 2*s**2 - 10*s - 24. Let r be n(13). Suppose x + 2*x - r = 4*c, 4*c = -3*x + 200. Calculate the greatest common divisor of x and 8.
8
Suppose 0 = 6*x - x + 265. Let o = -26 - x. Let b be (-374)/(-14) + 2/7. What is the highest common factor of b and o?
27
Let c(t) = 3*t**3 - 41*t**2 - 12*t + 20. Let v be c(14). What is the highest common factor of 400 and v?
16
Let w = 7172 - 7161. Let c(n) = n - 3. Let m be c(4). Calculate the highest common factor of m and w.
1
Let h = -1 + -14. Let s be (-378)/h*(-30)/(-4). What is the greatest common factor of 21 and s?
21
Suppose 4*n - 2*n = 14. Let x be ((-48)/30)/((-8)/180). Suppose -2*w = -38 + x. Calculate the highest common divisor of w and n.
1
Let b(r) = 4*r - 25. Let l be b(8). Let z(n) = n**3 - 6*n**2 + 3*n - 7. Let h be z(l). Calculate the highest common factor of h and 21.
21
Suppose -423 = -9*g + 1773. Calculate the greatest common divisor of g and 4.
4
Suppose -36 = -b - z - 4*z, 0 = 2*b + 3*z - 37. Suppose -3*i + 40 = -5*c, -c = -i + b + 3. Let f = 59 - i. What is the highest common divisor of 4 and f?
4
Suppose 2*w = 7*w - 10, -2*w = 2*t - 6. Let s be (t + 9/(-6))*-4. Suppose -4*o - 33 = -5*f, 21 = 2*f + f - 3*o. Calculate the highest common divisor of f and s.
1
Let k be (-1 + -1)*(-375)/6. Let u = -231 + 398. Let l = -117 + u. Calculate the highest common factor of l and k.
25
Suppose -o = -0*o - 3. Let k be -30*o/(36/(-16)). Let b be (2/(-2))/((-4)/k). Calculate the highest common divisor of b and 5.
5
Suppose -4 = 4*t + 4, 3*t = 4*p - 18. Suppose 0 = 3*q - 6, 0 = -2*c + p*q - 2*q + 4. What is the highest common factor of c and 33?
3
Let m(h) = -h**2 - 6*h - 9. Let z(q) = -2*q**2 - 11*q - 19. Let i(j) = 9*m(j) - 4*z(j). Let v be i(-8). What is the greatest common factor of v and 55?
11
Let x(v) = v**3 + 17*v**2 - 3*v + 34. Let a be x(-11). What is the highest common divisor of 13 and a?
13
Let n(b) = -b**2 - 9*b + 14. Let i be n(-10). Let p(t) = 2*t**2 - 4*t - 1. Let w be p(i). What is the highest common divisor of 120 and w?
15
Suppose -5*f + 1 = -44. Suppose 5 = 7*n - f. Let r be n + 24/4 + 2. Calculate the greatest common factor of 30 and r.
10
Suppose 39 = -22*u + 259. Let p(b) = 10*b**2. Let o be p(1). Calculate the highest common divisor of u and o.
10
Suppose 0 = -f - 5*p + 36 + 31, -f + 4*p = -31. What is the greatest common factor of 846 and f?
47
Suppose 0*f - 3*f - 269 = 4*m, -5*m - 4*f - 335 = 0. Let g = -61 - m. What is the highest common divisor of g and 80?
10
Let d = -4 - -75. Suppose -4*z = -3*k + d, 3*z - 4 = 2*z. What is the greatest common divisor of k and 319?
29
Suppose -5*n + 1 = w, 5*w + 2*n - 4 = 1. Suppose 7*b = 3*b. Let h be b + (4/2 - 1). What is the greatest common divisor of w and h?
1
Let t(d) = d**3 - 6*d**2 - 6*d - 5. Let s(m) = -m**2 - m + 7. Let g be s(0). Let z be t(g). Let n = -6 + 8. Calculate the greatest common divisor of n and z.
2
Let q be (-7)/(28/(-158)) - 3/6. Calculate the greatest common factor of 143 and q.
13
Let g(z) be the first derivative of 3*z**4/4 + z**3/3 - z**2/2 - z + 25. Let c be g(1). What is the greatest common factor of c and 8?
2
Suppose -153*c = -114*c - 2691. Calculate the highest common factor of c and 161.
23
Suppose -24*t - 91 + 5659 = 0. What is the highest common divisor of t and 8?
8
Suppose 0 = -53*g + 24*g + 1972. What is the highest common divisor of g and 17?
17
Suppose -2*x = -5*d - 3 + 25, -4*d - 5*x = -11. Suppose d*n - 2*n = 12. Calculate the highest common factor of 1 and n.
1
Suppose -7*s + 3*s = -920. Let y be (4554/s)/((-2)/20*-3). Calculate the highest common divisor of 6 and y.
6
Let z be (0 - (-105)/14)*14. Calculate the greatest common divisor of 45 and z.
15
Let k be ((-1)/(3/(-4)))/((-2)/(-198)). Calculate the highest common factor of k and 60.
12
Suppose 7*i - 4186 = -19*i. Let y = -53 + 76. What is the highest common factor of i and y?
23
Let j be (10/4)/(1/30*5). What is the greatest common divisor of j and 55?
5
Let n be -7 - -20 - (0 + 1). Suppose -3*z - z + n = 0. Let k(f) = 8*f**2 + 1. Let j be k(-1). What is the greatest common divisor of j and z?
3
Let a(x) = -x**2 + 2*x + 4. Let h be a(3). Suppose 0 = -2*v - 3*v + 45. Suppose 0 = -v*l + 11*l - 6. Calculate the greatest common divisor of h and l.
1
Let i be 1938/95 - (-4)/(-10). Calculate the highest common factor of 50 and i.
10
Let a = 39 + -38. What is the highest common factor of a and 13?
1
Let o = -11 + 15. Let k = -699 - -702. What is the greatest common divisor of o and k?
1
Suppose 0 = 92*g - 88*g - 4*a - 428, 4 = -2*a. What is the highest common divisor of 45 and g?
15
Suppose -3*t + 536 = -15*u + 20*u, -4*u - 207 = -t. What is the greatest common factor of t and 11?
11
Suppose -3*f + 0 = -18. Let k be (-6)/8 - 225/(-12). Calculate the highest common divisor of f and k.
6
Let g = -6 - -38. Suppose -3*k + 187 = -185. Suppose 5*o = 4*x - k - 58, x - 2*o = 44. What is the greatest common divisor of x and g?
16
Let b = 659 + -623. What is the highest common divisor of b and 18?
18
Suppose -2*n - 241 = -3349. What is the greatest common factor of n and 42?
42
Let l = -4 - 7. Let t(b) = -2*b + 1. Let o be t(l). Suppose -q + 5*c - o = 0, q = 2*c + 2*c - 18. Calculate the highest common factor of q and 16.
2
Suppose 4*o = -4*p + 2564, -2*p + 2*o + 1270 = -0*p. What is the greatest common factor of 58 and p?
58
Let x be -6*(-8)/6 - 4. Suppose -x*v + 7*h = 4*h, 0 = 2*v + 3*h + 18. Let u be (v/(-2))/(4/24). What is the g